re the prime factors of 12257?
7, 17, 103
What are the prime factors of 1091?
1091
List the prime factors of 3631.
3631
List the prime factors of 1684.
2, 421
What are the prime factors of 32523?
3, 37, 293
List the prime factors of 16366.
2, 7, 167
What are the prime factors of 2089?
2089
List the prime factors of 4100.
2, 5, 41
List the prime factors of 1590.
2, 3, 5, 53
List the prime factors of 1352.
2, 13
What are the prime factors of 16829?
16829
List the prime factors of 29590.
2, 5, 11, 269
List the prime factors of 55163.
55163
List the prime factors of 1312.
2, 41
What are the prime factors of 163790?
2, 5, 11, 1489
List the prime factors of 2002.
2, 7, 11, 13
What are the prime factors of 1623?
3, 541
List the prime factors of 1640.
2, 5, 41
List the prime factors of 6122.
2, 3061
List the prime factors of 460.
2, 5, 23
List the prime factors of 10686.
2, 3, 13, 137
List the prime factors of 54897.
3, 29, 631
What are the prime factors of 3830?
2, 5, 383
What are the prime factors of 3555?
3, 5, 79
List the prime factors of 21662.
2, 10831
List the prime factors of 2593.
2593
List the prime factors of 18085.
5, 3617
What are the prime factors of 888?
2, 3, 37
What are the prime factors of 3838?
2, 19, 101
What are the prime factors of 2119?
13, 163
List the prime factors of 2980.
2, 5, 149
List the prime factors of 20672.
2, 17, 19
List the prime factors of 750.
2, 3, 5
What are the prime factors of 996?
2, 3, 83
What are the prime factors of 32439?
3, 11, 983
List the prime factors of 48377.
7, 6911
List the prime factors of 14138.
2, 7069
List the prime factors of 1661.
11, 151
List the prime factors of 103620.
2, 3, 5, 11, 157
List the prime factors of 15845.
5, 3169
What are the prime factors of 79?
79
What are the prime factors of 2421?
3, 269
List the prime factors of 22392.
2, 3, 311
List the prime factors of 19453.
7, 397
List the prime factors of 7885.
5, 19, 83
What are the prime factors of 2741?
2741
What are the prime factors of 4666?
2, 2333
What are the prime factors of 138722?
2, 139, 499
List the prime factors of 18607.
23, 809
List the prime factors of 4927.
13, 379
What are the prime factors of 17103?
3, 5701
What are the prime factors of 39293?
39293
What are the prime factors of 2834?
2, 13, 109
List the prime factors of 1253.
7, 179
What are the prime factors of 69?
3, 23
What are the prime factors of 5770?
2, 5, 577
List the prime factors of 4120.
2, 5, 103
What are the prime factors of 19770?
2, 3, 5, 659
List the prime factors of 145.
5, 29
List the prime factors of 309.
3, 103
List the prime factors of 1220.
2, 5, 61
List the prime factors of 10038.
2, 3, 7, 239
What are the prime factors of 141241?
141241
List the prime factors of 2837.
2837
What are the prime factors of 25082?
2, 12541
List the prime factors of 104.
2, 13
List the prime factors of 28963.
11, 2633
List the prime factors of 150390.
2, 3, 5, 557
What are the prime factors of 926?
2, 463
List the prime factors of 607.
607
What are the prime factors of 10853?
10853
List the prime factors of 1103.
1103
List the prime factors of 104947.
104947
What are the prime factors of 1917?
3, 71
List the prime factors of 20281.
17, 1193
What are the prime factors of 8331?
3, 2777
What are the prime factors of 39009?
3, 13003
What are the prime factors of 830?
2, 5, 83
What are the prime factors of 29157?
3, 9719
What are the prime factors of 9158?
2, 19, 241
What are the prime factors of 1155?
3, 5, 7, 11
List the prime factors of 48387.
3, 127
What are the prime factors of 542?
2, 271
List the prime factors of 549.
3, 61
What are the prime factors of 4574?
2, 2287
What are the prime factors of 20?
2, 5
List the prime factors of 40596.
2, 3, 17, 199
List the prime factors of 7428.
2, 3, 619
What are the prime factors of 1157?
13, 89
List the prime factors of 7128.
2, 3, 11
List the prime factors of 29171.
31, 941
List the prime factors of 1395.
3, 5, 31
What are the prime factors of 16248?
2, 3, 677
What are the prime factors of 2955?
3, 5, 197
What are the prime factors of 1697?
1697
List the prime factors of 63842.
2, 137, 233
What are the prime factors of 444?
2, 3, 37
What are the prime factors of 2155?
5, 431
List the prime factors of 1692.
2, 3, 47
List the prime factors of 40517.
31, 1307
What are the prime factors of 110753?
110753
List the prime factors of 35346.
2, 3, 43, 137
What are the prime factors of 2494?
2, 29, 43
What are the prime factors of 568?
2, 71
What are the prime factors of 2086?
2, 7, 149
List the prime factors of 1841.
7, 263
List the prime factors of 4439.
23, 193
What are the prime factors of 328?
2, 41
What are the prime factors of 50375?
5, 13, 31
List the prime factors of 22678.
2, 17, 23, 29
What are the prime factors of 3640?
2, 5, 7, 13
List the prime factors of 39754.
2, 11, 13, 139
What are the prime factors of 2321?
11, 211
List the prime factors of 121859.
233, 523
What are the prime factors of 557?
557
What are the prime factors of 17804?
2, 4451
What are the prime factors of 295?
5, 59
List the prime factors of 1584.
2, 3, 11
What are the prime factors of 24338?
2, 43, 283
What are the prime factors of 4065?
3, 5, 271
List the prime factors of 32969.
32969
What are the prime factors of 35007?
3, 7, 1667
What are the prime factors of 6607?
6607
What are the prime factors of 130195?
5, 13, 2003
List the prime factors of 6947.
6947
List the prime factors of 983.
983
List the prime factors of 8009.
8009
List the prime factors of 9349.
9349
What are the prime factors of 4160?
2, 5, 13
What are the prime factors of 17993?
19, 947
List the prime factors of 9900.
2, 3, 5, 11
What are the prime factors of 5621?
7, 11, 73
What are the prime factors of 4847?
37, 131
What are the prime factors of 15820?
2, 5, 7, 113
What are the prime factors of 4572?
2, 3, 127
What are the prime factors of 1576?
2, 197
What are the prime factors of 11824?
2, 739
List the prime factors of 1380.
2, 3, 5, 23
List the prime factors of 1235.
5, 13, 19
What are the prime factors of 23543?
13, 1811
What are the prime factors of 1208?
2, 151
What are the prime factors of 2454?
2, 3, 409
What are the prime factors of 54037?
54037
List the prime factors of 93398.
2, 17, 41, 67
What are the prime factors of 155548?
2, 37, 1051
What are the prime factors of 9486?
2, 3, 17, 31
List the prime factors of 7428.
2, 3, 619
What are the prime factors of 133342?
2, 11, 19, 29
List the prime factors of 8243.
8243
What are the prime factors of 93999?
3, 31333
List the prime factors of 1650.
2, 3, 5, 11
List the prime factors of 6337.
6337
List the prime factors of 10023.
3, 13, 257
What are the prime factors of 3448?
2, 431
What are the prime factors of 434?
2, 7, 31
List the prime factors of 22574.
2, 11287
List the prime factors of 1196.
2, 13, 23
What are the prime factors of 25?
5
List the prime factors of 3429.
3, 127
What are the prime factors of 7559?
7559
List the prime factors of 6912.
2, 3
List the prime factors of 33836.
2, 11, 769
What are the prime factors of 16301?
16301
What are the prime factors of 1810?
2, 5, 181
List the prime factors of 18899.
18899
What are the prime factors of 1252?
2, 313
What are the prime factors of 5000?
2, 5
List the prime factors of 8969.
8969
What are the prime factors of 3238?
2, 1619
What are the prime factors of 6774?
2, 3, 1129
List the prime factors of 2122.
2, 1061
What are the prime factors of 13600?
2, 5, 17
List the prime factors of 2454.
2, 3, 409
What are the prime factors of 777?
3, 7, 37
What are the prime factors of 1313?
13, 101
What are the prime factors of 69124?
2, 11, 1571
List the prime factors of 729.
3
What are the prime factors of 11265?
3, 5, 751
What are the prime factors of 2235?
3, 5, 149
What are the prime factors of 1910?
2, 5, 191
What are the prime factors of 48387?
3, 127
What are the prime factors of 2436?
2, 3, 7, 29
What are the prime factors of 786?
2, 3, 131
List the prime factors of 57167.
11, 5197
List the prime factors of 2519.
11, 229
What are the prime factors of 819?
3, 7, 13
What are the prime factors of 49749?
3, 7, 23, 103
List the prime factors of 799.
17, 47
List the prime factors of 15784.
2, 1973
List the prime factors of 155.
5, 31
What are the prime factors of 604